z be (-3)/(-2*(-2)/(-24)). Let l(c) be the second derivative of 2*c**3/3 - 26*c**2 + c - 21. Let a be l(16). What is the greatest common factor of a and z?
6
Let v = -155 - -180. Let p = 242 - v. Calculate the highest common divisor of 31 and p.
31
Suppose 0 = -3*q - 0*o - 4*o + 4104, -4*q = 2*o - 5472. What is the greatest common divisor of q and 513?
171
Let b(f) = -f**2 - 137*f + 1016. Let j be b(7). Calculate the highest common divisor of 9784 and j.
8
Suppose 27 = y + 6. Let n be (0 - 42/(-9))*y. Suppose 5*k - n = 3*k - 2*f, -2*k + f + 83 = 0. What is the greatest common factor of 352 and k?
44
Suppose 4*b + 4*i - 171 - 169 = 0, b - 3*i = 81. Calculate the highest common factor of 1204 and b.
28
Let d = -64 + 95. Suppose 5*y - l = d, 3*l + 11 = 2*y - 4. Let u be ((-64)/(-40))/((-1)/(-5)). Calculate the highest common factor of u and y.
2
Let p be (-21)/((-69)/23) + 5. Calculate the greatest common divisor of p and 2388.
12
Let v be ((2432/(-57))/1)/(2/(-12)). Calculate the greatest common factor of v and 576.
64
Suppose -40 = -20*z + 11*z + s, 3*z = -5*s + 40. Calculate the highest common factor of z and 571.
1
Let r(g) = 2*g**3 + 18*g**2 - 12*g - 14. Let i be r(-10). Let y = -22 - i. Calculate the greatest common factor of y and 36.
36
Let u be -159*17/102*-236. What is the highest common factor of u and 53?
53
Let n(w) = 3*w**2 + 2*w + 5. Let s = -98 - -95. Let g be n(s). Calculate the greatest common divisor of g and 13.
13
Let c = -19058 + 19104. Suppose -184 = -2*l - 2*l. What is the greatest common factor of l and c?
46
Let v(z) = 291*z**2 - 3*z - 24. Let k be v(-3). Calculate the greatest common factor of k and 672.
84
Suppose 25 = m + 4*c, 48*m + 2*c = 51*m - 5. Let w(g) = -g**2 - 17*g + 48. Let k be w(-19). Calculate the highest common factor of m and k.
5
Let k(i) = i**3 - 3*i + 59. Let o be k(0). What is the greatest common divisor of o and 2773?
59
Suppose -257 = -3*t + 43. Suppose 8*f - t = 3*f. Suppose -2*c + 3*a = 9, -4*c + 120*a = 112*a + 40. Calculate the highest common factor of f and c.
4
Suppose 8685 = -8*y + 23*y. Let k = -572 + y. What is the highest common divisor of k and 28?
7
Let w be 1218590/145 - (-52)/(-754). What is the greatest common factor of w and 22?
22
Suppose -8*m - 26 = -3*b - 6*m, -92 = -6*b - 4*m. What is the greatest common factor of b and 7236?
12
Let j be 51 - 2/(-3)*9*-1. Suppose -2*o + 3*l + 32 = 0, -j + 11 = -3*o + l. Calculate the highest common divisor of o and 10.
10
Suppose 159 = 15*z + 39. Suppose 28 = z*m - 60. What is the greatest common divisor of m and 2?
1
Suppose 0 = 3*y - i - 321, -3*y + 336 = -13*i + 17*i. Calculate the greatest common factor of y and 92.
4
Let q(w) = -w**3 + 5*w**2 - 5*w + 4. Let g be q(3). Let j be 20/(-70) + (-10)/(-35) + 1. What is the greatest common factor of j and g?
1
Let l = 23412 + -23395. Calculate the greatest common divisor of 2941 and l.
17
Let n(b) = 1 - 3 - 4 + 96*b. Let q(p) = 24*p - 215. Let a be q(9). Let f be n(a). Calculate the highest common divisor of 10 and f.
10
Let j be 1 + (11 - 4 - 4). Suppose -j*w + 642 = -w. Let s = w + -64. What is the greatest common factor of s and 30?
30
Let f = -287 - -279. Let l(z) = 4*z**2 + 18*z + 64. Let a be l(f). Calculate the greatest common divisor of 33 and a.
11
Let t(x) = -4 + 1 - x**2 + 3 - 4*x**3 - 3*x. Let i be t(-3). Suppose h + 5*c - 6*c - 24 = 0, c - 57 = -2*h. What is the greatest common divisor of i and h?
27
Let f(n) = 9*n**2 + 45*n - 40. Let i(w) = 11*w**2 + 48*w - 41. Let v(y) = 4*f(y) - 3*i(y). Let x be v(11). Calculate the highest common factor of x and 38.
38
Suppose 5*b = -3*q + 18937, 21*q - 17*q + 4*b - 25236 = 0. What is the greatest common divisor of q and 32?
32
Suppose 535 = 6*q + 6001. Let z = -806 - q. Calculate the highest common divisor of 30 and z.
15
Let v be -60*(34/(-4) + 3). Let c be 24*(374/88 - 3). What is the highest common divisor of c and v?
30
Let x(v) = -4*v + 88. Suppose 8 = 2*r, 0*g + 5*g - 3*r = 48. Let l be x(g). What is the greatest common factor of l and 160?
40
Let j(b) = 111*b - 1501. Let m be j(26). What is the greatest common divisor of m and 5?
5
Suppose -2*b + 8 = 0, 1038*p - 1034*p - b - 4440 = 0. What is the highest common factor of p and 101?
101
Let d be (-4)/(-10)*14835/86. Suppose -p = t - d, -p - 281 = -4*t - 0*p. Calculate the greatest common divisor of 30 and t.
10
Suppose 5796 = -12*s + 104*s. What is the greatest common factor of s and 1659?
21
Let f = -697 + 784. Suppose -5*b + 143 = l, 3*l + 35 = 3*b - 58. What is the greatest common factor of f and b?
29
Suppose -20 = -5*s, 139*q - s = 137*q + 2934. What is the greatest common factor of 39 and q?
13
Suppose -k + 5 = 2*j - 3*j, 5*k = j + 5. Suppose k = 14*o - 11*o - 75. Calculate the highest common divisor of o and 75.
25
Let w(j) = -11*j - 35. Let p = -156 - -151. Let b be w(p). What is the highest common factor of b and 15?
5
Suppose -6*x + 44 = 8. Suppose y - 2*y = -x. Let q be -2 - (-4 - 1) - -28 - 1. Calculate the highest common divisor of y and q.
6
Let j = -28 + 59. Let g be (-8)/(-16)*(207 - -3). Suppose 3 + 0 = -l, -t = -4*l - g. What is the greatest common divisor of j and t?
31
Let o be 31/(11 + -42)*4*(-1 - 0). Let c = -163 + 255. What is the greatest common factor of o and c?
4
Suppose 140*y = 116*y + 1224. What is the highest common factor of y and 289?
17
Suppose 0 = -4*p - 5*f - 1275, 0*f + 964 = -3*p + 4*f. Let y = p + 26. Let t = y - -430. What is the greatest common divisor of t and 34?
34
Let j be -222*(-9)/(81/(-6))*(-93)/124. Let t(i) = -11*i + 4. Let p be t(-3). What is the greatest common divisor of p and j?
37
Suppose b - 9*b + 72 = 0. What is the highest common divisor of 105 and b?
3
Suppose 5*h - 5*x = -9*x + 1759, 0 = -x + 1. Suppose 3*f = 3*w - 249, -2*w + 31 + 133 = -f. Calculate the highest common divisor of w and h.
27
Let y(o) = 87 + 28*o + 22 + 13*o - 24*o. Let u be y(-6). Let w(z) = 11*z - 6. Let a be w(5). What is the greatest common factor of u and a?
7
Suppose -13*y - 138 - 153 = -1279. Calculate the highest common factor of y and 284.
4
Suppose 0 = -2*y + 463 - 95. Let h = 218 + -202. Calculate the highest common divisor of y and h.
8
Suppose 14*v - 65 = -23. Suppose -5*y + 410 = f, -v*y + 830 = 2*f + 2*y. What is the highest common divisor of f and 45?
15
Let x be 2109/(-285) - (2 + 14/(-10)). Let c be (4 + x)/((-4)/1056). Calculate the highest common divisor of c and 66.
66
Let a(z) = -z**3 - 3*z**2 + 57*z + 599. Let m be a(-19). Calculate the highest common divisor of 196 and m.
196
Let p = -83 - -86. Suppose d = -2*x + 67, p*x - 3 = -0*x. Let k = -54 + d. What is the highest common divisor of 66 and k?
11
Suppose -5*k = 5*l - 3*k - 182, 0 = l + k - 37. Let y(t) = -131*t**3 - t**2 + 14*t + 28. Let u be y(-2). What is the highest common factor of l and u?
36
Suppose 31 + 9 = 2*d + 4*c, 0 = 4*c + 16. Suppose 2*m + 750 = -3*m. Let u = -10 - m. Calculate the greatest common divisor of u and d.
28
Suppose -483*a + 3*z + 1770 = -478*a, 3*a = -3*z + 1038. What is the greatest common factor of a and 273?
39
Suppose 262 = 5*b - 4*f + 52, 5*f = -b + 42. Suppose 861*q = 868*q - b. Calculate the highest common factor of 10 and q.
2
Suppose 22*o + 175 - 835 = 0. Calculate the highest common divisor of 375 and o.
15
Suppose -83*o - 373*o + 2620560 = -98*o. What is the greatest common divisor of o and 549?
183
Suppose 110*i - 61299 = -4*i + 25341. Calculate the greatest common factor of 120 and i.
40
Suppose 0 = -3*p + 5*r + 675, 42*r - 428 = -2*p + 38*r. Calculate the highest common factor of p and 100.
20
Suppose -2500 = 123*w - 12*w - 6940. Calculate the greatest common factor of w and 85.
5
Suppose -5*a + 582 = -m, 5*a - 44*m + 39*m - 590 = 0. Suppose -284 = -8*i + a. Calculate the highest common divisor of i and 400.
50
Let m be -6 + 78 + (-6 + 2)*(-36)/24. What is the highest common factor of m and 2054?
26
Let m be 1 + 3/(-2) + 120/(-16). Let u = -5 - m. Let d be (-1 + u)*(-4 + 28). What is the greatest common divisor of 16 and d?
16
Suppose -10*l = -8*l - 2*c - 1140, 0 = -3*l - c + 1730. Calculate the highest common divisor of 1380 and l.
115
Suppose -4*f - 270 = -5*i, -f = 4*i + 4*f - 216. Let a be (1 + 0)/(10/(-40)) - 52. Let s = a + 62. Calculate t